n base 12, what is 223 + 23b2a?
24151
In base 11, what is 6a77703 - 16?
6a77698
In base 13, what is -54b - -573b?
51c0
In base 2, what is 10011011101010110001 - -110110?
10011011101011100111
In base 13, what is -2 + -13227745?
-13227747
In base 11, what is 32 - -153158?
15318a
In base 10, what is 28275 - 2149?
26126
In base 16, what is -5e - -3725f9?
37259b
In base 10, what is 2 - 114357623?
-114357621
In base 3, what is 2010112 + -22212020?
-20201201
In base 6, what is 35231323 - -10?
35231333
In base 11, what is 935 - 371?
574
In base 5, what is -23212 + 113003?
34241
In base 12, what is 9b362067 - 2?
9b362065
In base 4, what is 320200233002 - 13?
320200232323
In base 3, what is -10220001 + -1101000001?
-1111220002
In base 11, what is -3189321 - 5?
-3189326
In base 7, what is -100 + -4500561?
-4500661
In base 7, what is 144 - 3356316?
-3356142
In base 14, what is -5 + 642314?
64230d
In base 9, what is 2 + -101717376?
-101717374
In base 11, what is -275084a - 1?
-2750850
In base 15, what is 9c - -4dcdb?
4dd88
In base 10, what is -75291 + 320?
-74971
In base 10, what is -17 - 7981535?
-7981552
In base 4, what is -2 - -3132001301231?
3132001301223
In base 6, what is 120545531 + 233?
120550204
In base 5, what is 124132133443 + 1?
124132133444
In base 4, what is 133022122 + -1131?
133020331
In base 14, what is -1 + d0b92a?
d0b929
In base 11, what is 7 - -5114678?
5114684
In base 12, what is 4 + -868502?
-8684ba
In base 9, what is -134 + -123085?
-123230
In base 2, what is -110001000110011110000100111 + -100?
-110001000110011110000101011
In base 11, what is -23610 - 594?
-240a4
In base 5, what is 11300240 + -131?
11300104
In base 7, what is -44 + -1533135?
-1533212
In base 4, what is -200 + 330103210?
330103010
In base 9, what is 0 - 73050487?
-73050487
In base 10, what is 1038 - 8795?
-7757
In base 4, what is -10111 - 2033020022?
-2033030133
In base 2, what is -11000 + -100110110111100111011110?
-100110110111100111110110
In base 4, what is 20332002 + 13333?
21012001
In base 7, what is 1003436133 - -13?
1003436146
In base 13, what is 1 + 10c242a?
10c242b
In base 4, what is -12222022110012 - 21?
-12222022110033
In base 6, what is 211 + -251250043?
-251245432
In base 11, what is 6a23a5 - -3?
6a23a8
In base 11, what is -926301 - -51?
-926260
In base 11, what is 1072 + -139550?
-138489
In base 8, what is -1055 - 30431?
-31506
In base 2, what is -110001 - -1011010011000111010?
1011010011000001001
In base 9, what is -35 - -15776420?
15776374
In base 14, what is -6d4639 - -15?
-6d4624
In base 2, what is -1100111010000110111010111 - 101?
-1100111010000110111011100
In base 11, what is -164 - 726675?
-726829
In base 9, what is -47837 - 2772?
-51720
In base 8, what is 11 + -24235654?
-24235643
In base 12, what is -5a78 + 10a86?
700a
In base 15, what is -677 + -5a7d?
-6205
In base 7, what is 2 - -116235554?
116235556
In base 9, what is -27 + 35618302?
35618264
In base 15, what is 7a57e7 + 1?
7a57e8
In base 10, what is 1339759 + 5?
1339764
In base 10, what is 5951 - 156102?
-150151
In base 3, what is 2 - -222211102210221?
222211102211000
In base 3, what is 10102220 - 1101000?
2001220
In base 12, what is -1061b - -243?
-10398
In base 10, what is 8277 + -85172?
-76895
In base 15, what is 17bda + 48?
17c33
In base 3, what is 120 - 202211210020?
-202211202200
In base 4, what is 21 + -12332300231233?
-12332300231212
In base 2, what is -10010010010000110001 + -1100000?
-10010010010010010001
In base 9, what is -612126 + 1668?
-610347
In base 8, what is 4054 + 5036?
11112
In base 12, what is -546b - 6206?
-b675
In base 11, what is 6027 - -5a556?
65582
In base 12, what is 82 + 2b83656?
2b83718
In base 8, what is -66714504 - 1?
-66714505
In base 6, what is 3313251511 + 4?
3313251515
In base 4, what is 3 - -33313301303?
33313301312
In base 4, what is -10 + -2033320030102?
-2033320030112
In base 10, what is -124 + 33827?
33703
In base 16, what is 2c6234 + 4?
2c6238
In base 6, what is -120 - 232014220?
-232014340
In base 14, what is 7 + 700054?
70005b
In base 4, what is 310110323 - -20?
310111003
In base 12, what is -bab - -3014?
2025
In base 12, what is -7721 - -4925?
-29b8
In base 13, what is 58 + 9a05?
9a60
In base 9, what is 84657 - -2112?
86770
In base 5, what is 141244212102 + 4?
141244212111
In base 2, what is 1001010110001001 + -1001?
1001010110000000
In base 8, what is 1124 + 1331372?
1332516
In base 14, what is -1 + 1c85813?
1c85812
In base 9, what is -6035 - -3085?
-2840
In base 14, what is 15 - 425db?
-425c6
In base 10, what is 1159973 + -41?
1159932
In base 14, what is 11 - -65697?
656a8
In base 9, what is -1664162 + -108?
-1664271
In base 11, what is 1 - 1818206?
-1818205
In base 11, what is -237 - 265883?
-26600a
In base 13, what is -16835 + b9?
-16749
In base 12, what is -51 + -124a02?
-124a53
In base 16, what is 73b - -58b2?
5fed
In base 7, what is 42643406 + -136?
42643240
In base 2, what is -100 - 10110011101100101011111?
-10110011101100101100011
In base 13, what is 11 + 37a57?
37a68
In base 11, what is 2 + 4416a277?
4416a279
In base 2, what is -1011 - 11001101000100101001001?
-11001101000100101010100
In base 11, what is -64 - 4a1441?
-4a14a5
In base 13, what is -a219a3 + -3?
-a219a6
In base 15, what is 10092 + -c6b?
e326
In base 8, what is -32427 + 100?
-32327
In base 11, what is -366 - 141464?
-14181a
In base 2, what is 101101110010100001011011001 - 101?
101101110010100001011010100
In base 8, what is 7 - 26660744?
-26660735
In base 14, what is -16b3960 + 1?
-16b395d
In base 5, what is -42 + 20040041034?
20040040442
In base 3, what is -1100 + 101110222020?
101110220220
In base 8, what is 7257016 - -1?
7257017
In base 10, what is 10454 + -623?
9831
In base 4, what is 121 - -223220103121?
223220103302
In base 16, what is c224 + -2871?
99b3
In base 15, what is -2a3e + -5756?
-8295
In base 2, what is -10000110000011 + -10110110000?
-10011100110011
In base 7, what is -12141425 + -204?
-12141632
In base 5, what is -40330331402 + -21?
-40330331423
In base 7, what is -1325352 + -55?
-1325440
In base 10, what is 25713 - -18?
25731
In base 12, what is -4a6b4a - 19?
-4a6b67
In base 13, what is -7bbb715 + -1?
-7bbb716
In base 12, what is -218905a6 - 2?
-218905a8
In base 11, what is 350 - 69748?
-693a8
In base 14, what is 3c36 + 302a?
6c62
In base 8, what is -23 - 11301500?
-11301523
In base 6, what is 13 - 5223032?
-5223015
In base 5, what is 21 + 123440211?
123440232
In base 14, what is c + -490ba62?
-490ba54
In base 15, what is -7d135dc + 4?
-7d135d8
In base 15, what is -9 - 2529a6?
-2529b0
In base 15, what is 2da5c9 + 23?
2da5ec
In base 2, what is -1111100011100101 + 110011?
-1111100010110010
In base 15, what is 7596 - 39dc?
3aa9
In base 2, what is 110110000101100 - -1?
110110000101101
In base 5, what is 443114 - -4423?
1003042
In base 4, what is -113 + 31002330103?
31002323330
In base 7, what is -54 - 4553216?
-4553303
In base 11, what is 69295 - -7318?
75602
In base 12, what is 3b9b3a35 + -4?
3b9b3a31
In base 3, what is -200111211222120 - -12?
-200111211222101
In base 10, what is 263 + 1266266?
1266529
In base 4, what is -2120322 + 102330?
-2011332
In base 12, what is -63376a + -15?
-633783
In base 7, what is 22242 - 302?
21640
In base 15, what is 16 - -23a590?
23a5a6
In base 7, what is -53 + 112444054?
112444001
In base 16, what is 340cfe - -6?
340d04
In base 8, what is -4 - 1526734?
-1526740
In base 11, what is 146681 + -6991?
13a7a0
In base 7, what is -204 + 632113?
631606
In base 15, what is -22 + -3a4539?
-3a455b
In base 7, what is -565341 + 31?
-565310
In base 8, what is -13 + -47547001?
-47547014
In base 4, what is 2 + -3101102330130?
-3101102330122
In base 5, what is -2411103 - -230?
-2410323
In base 4, what is 111033 + -212322?
-101223
In base 10, what is 10908 + -2604?
8304
In base 4, what is 2031331300 - -212?
2031332112
In base 4, what is 220022111013 - -11?
220022111030
In base 5, what is 403410013 - -2?
403410020
In base 6, what is -120212 - -1234342?
1114130
In base 7, what is -1423235 - -13344?
-1406561
In base 14, what is -125 - -108c60?
108b39
In base 14, what is 60d99 - 29d?
60ada
In base 9, what is 15 + -445285?
-445270
In base 4, what is 1032230033300 + 10?
1032230033310
In base 12, what is -15ab + -602?
-1bb1
In base 11, what is -133